{"id":7179,"date":"2023-11-12T18:36:24","date_gmt":"2023-11-12T17:36:24","guid":{"rendered":"https:\/\/eco-palm-sarl.com\/blog\/?page_id=7179"},"modified":"2024-05-25T11:39:26","modified_gmt":"2024-05-25T09:39:26","slug":"grenadier","status":"publish","type":"page","link":"https:\/\/eco-palm-sarl.com\/blog\/?page_id=7179","title":{"rendered":"Grenadier"},"content":{"rendered":"<div class=\"wpb-content-wrapper\">[vc_row][vc_column][vc_column_text woodmart_inline=&#8221;no&#8221; text_larger=&#8221;no&#8221;]<span style=\"font-size: 14pt; color: #000000;\">La grenade est l&#8217;un des fruits les plus riches en anti-oxydants qui permettent \u00e0 l&#8217;organisme d&#8217;emp\u00eacher les radicaux libres d&#8217;oxyder les cellules. Outre le jus frais commercialis\u00e9 en direct, ECO-PALM pr\u00e9pare une gamme de d\u00e9riv\u00e9s de la grenade, en particulier le vinaigre, la m\u00e9lasse, l&#8217;huile cosm\u00e9tique de p\u00e9pins de grenade et la poudre d&#8217;\u00e9corce de grenade<\/span><strong><span style=\"font-size: 14pt;\">.<\/span><\/strong>[\/vc_column_text][\/vc_column][\/vc_row][vc_row][vc_column]\t\t\t<link rel=\"stylesheet\" id=\"wd-photoswipe-css\" href=\"https:\/\/eco-palm-sarl.com\/wp-content\/themes\/woodmart\/css\/parts\/lib-photoswipe.min.css?ver=\" type=\"text\/css\" media=\"all\" \/> \t\t\t\t\t\t<link rel=\"stylesheet\" id=\"wd-owl-carousel-css\" href=\"https:\/\/eco-palm-sarl.com\/wp-content\/themes\/woodmart\/css\/parts\/lib-owl-carousel.min.css?ver=\" type=\"text\/css\" media=\"all\" \/> \t\t\t\t\t\t<link rel=\"stylesheet\" id=\"wd-image-gallery-css\" href=\"https:\/\/eco-palm-sarl.com\/wp-content\/themes\/woodmart\/css\/parts\/el-gallery.min.css?ver=\" type=\"text\/css\" media=\"all\" \/> \t\t\t\t\t<div id=\"gallery_686\" class=\"wd-images-gallery wd-rs-6651b0b8b0c55 wd-justify-center wd-items-middle view-carousel photoswipe-images wd-carousel-spacing-0 wd-carousel-container\" data-owl-carousel data-wrap=\"no\" data-hide_pagination_control=\"no\" data-hide_prev_next_buttons=\"no\" data-desktop=\"6\" data-tablet_landscape=\"4\" data-tablet=\"3\" data-mobile=\"2\">\n\t\t\t<div class=\"gallery-images owl-carousel wd-owl owl-items-lg-6 owl-items-md-4 owl-items-sm-3 owl-items-xs-2\">\n\t\t\t\t\t\t\t\t\t\t\t\t\t\t\t<div class=\"wd-gallery-item\">\n\t\t\t\t\t\t\t\t\t\t\t\t\t\t<a href=\"https:\/\/eco-palm-sarl.com\/wp-content\/uploads\/2023\/11\/IMG-20201009-WA0012.jpg\" data-elementor-open-lightbox=\"no\" data-index=\"1\" data-width=\"1280\" data-height=\"960\"  >\n\t\t\t\t\t\t\t\t\n\t\t\t\t\t\t\t\t\t\t\t\t\t\t\t\t\t<img loading=\"lazy\" decoding=\"async\" width=\"300\" height=\"225\" src=\"https:\/\/eco-palm-sarl.com\/wp-content\/uploads\/2023\/11\/IMG-20201009-WA0012-300x225.jpg\" class=\"wd-gallery-image image-1 attachment-medium\" alt=\"\" title=\"IMG-20201009-WA0012\" srcset=\"https:\/\/eco-palm-sarl.com\/wp-content\/uploads\/2023\/11\/IMG-20201009-WA0012-300x225.jpg 300w, https:\/\/eco-palm-sarl.com\/wp-content\/uploads\/2023\/11\/IMG-20201009-WA0012-150x113.jpg 150w, https:\/\/eco-palm-sarl.com\/wp-content\/uploads\/2023\/11\/IMG-20201009-WA0012-600x450.jpg 600w, https:\/\/eco-palm-sarl.com\/wp-content\/uploads\/2023\/11\/IMG-20201009-WA0012-1024x768.jpg 1024w, https:\/\/eco-palm-sarl.com\/wp-content\/uploads\/2023\/11\/IMG-20201009-WA0012-768x576.jpg 768w, https:\/\/eco-palm-sarl.com\/wp-content\/uploads\/2023\/11\/IMG-20201009-WA0012.jpg 1280w\" sizes=\"auto, (max-width: 300px) 100vw, 300px\" \/>\t\t\t\t\t\t\t\t\n\n\t\t\t\t\t\t\t\t\t\t\t\t\t\t\t<\/a>\n\t\t\t\t\t\t\t\t\t\t\t\t<\/div>\n\t\t\t\t\t\t\t\t\t\t\t<div class=\"wd-gallery-item\">\n\t\t\t\t\t\t\t\t\t\t\t\t\t\t<a href=\"https:\/\/eco-palm-sarl.com\/wp-content\/uploads\/2023\/11\/arbre-grenadiers-rouge.jpg\" data-elementor-open-lightbox=\"no\" data-index=\"2\" data-width=\"552\" data-height=\"828\"  >\n\t\t\t\t\t\t\t\t\n\t\t\t\t\t\t\t\t\t\t\t\t\t\t\t\t\t<img loading=\"lazy\" decoding=\"async\" width=\"200\" height=\"300\" src=\"https:\/\/eco-palm-sarl.com\/wp-content\/uploads\/2023\/11\/arbre-grenadiers-rouge-200x300.jpg\" class=\"wd-gallery-image image-2 attachment-medium\" alt=\"\" title=\"arbre grenadiers rouge\" srcset=\"https:\/\/eco-palm-sarl.com\/wp-content\/uploads\/2023\/11\/arbre-grenadiers-rouge-200x300.jpg 200w, https:\/\/eco-palm-sarl.com\/wp-content\/uploads\/2023\/11\/arbre-grenadiers-rouge-150x225.jpg 150w, https:\/\/eco-palm-sarl.com\/wp-content\/uploads\/2023\/11\/arbre-grenadiers-rouge.jpg 552w\" sizes=\"auto, (max-width: 200px) 100vw, 200px\" \/>\t\t\t\t\t\t\t\t\n\n\t\t\t\t\t\t\t\t\t\t\t\t\t\t\t<\/a>\n\t\t\t\t\t\t\t\t\t\t\t\t<\/div>\n\t\t\t\t\t\t\t\t\t\t\t<div class=\"wd-gallery-item\">\n\t\t\t\t\t\t\t\t\t\t\t\t\t\t<a href=\"https:\/\/eco-palm-sarl.com\/wp-content\/uploads\/2023\/11\/arbre-avec-fleurs.jpg\" data-elementor-open-lightbox=\"no\" data-index=\"3\" data-width=\"720\" data-height=\"960\"  >\n\t\t\t\t\t\t\t\t\n\t\t\t\t\t\t\t\t\t\t\t\t\t\t\t\t\t<img loading=\"lazy\" decoding=\"async\" width=\"225\" height=\"300\" src=\"https:\/\/eco-palm-sarl.com\/wp-content\/uploads\/2023\/11\/arbre-avec-fleurs-225x300.jpg\" class=\"wd-gallery-image image-3 attachment-medium\" alt=\"\" title=\"arbre avec fleurs\" srcset=\"https:\/\/eco-palm-sarl.com\/wp-content\/uploads\/2023\/11\/arbre-avec-fleurs-225x300.jpg 225w, https:\/\/eco-palm-sarl.com\/wp-content\/uploads\/2023\/11\/arbre-avec-fleurs-150x200.jpg 150w, https:\/\/eco-palm-sarl.com\/wp-content\/uploads\/2023\/11\/arbre-avec-fleurs-600x800.jpg 600w, https:\/\/eco-palm-sarl.com\/wp-content\/uploads\/2023\/11\/arbre-avec-fleurs.jpg 720w\" sizes=\"auto, (max-width: 225px) 100vw, 225px\" \/>\t\t\t\t\t\t\t\t\n\n\t\t\t\t\t\t\t\t\t\t\t\t\t\t\t<\/a>\n\t\t\t\t\t\t\t\t\t\t\t\t<\/div>\n\t\t\t\t\t\t\t\t\t\t\t<div class=\"wd-gallery-item\">\n\t\t\t\t\t\t\t\t\t\t\t\t\t\t<a href=\"https:\/\/eco-palm-sarl.com\/wp-content\/uploads\/2023\/11\/verger-grenadiers-1.jpg\" data-elementor-open-lightbox=\"no\" data-index=\"4\" data-width=\"1440\" data-height=\"1081\"  >\n\t\t\t\t\t\t\t\t\n\t\t\t\t\t\t\t\t\t\t\t\t\t\t\t\t\t<img loading=\"lazy\" decoding=\"async\" width=\"300\" height=\"225\" src=\"https:\/\/eco-palm-sarl.com\/wp-content\/uploads\/2023\/11\/verger-grenadiers-1-300x225.jpg\" class=\"wd-gallery-image image-4 attachment-medium\" alt=\"\" title=\"verger grenadiers\" srcset=\"https:\/\/eco-palm-sarl.com\/wp-content\/uploads\/2023\/11\/verger-grenadiers-1-300x225.jpg 300w, https:\/\/eco-palm-sarl.com\/wp-content\/uploads\/2023\/11\/verger-grenadiers-1-150x113.jpg 150w, https:\/\/eco-palm-sarl.com\/wp-content\/uploads\/2023\/11\/verger-grenadiers-1-600x450.jpg 600w, https:\/\/eco-palm-sarl.com\/wp-content\/uploads\/2023\/11\/verger-grenadiers-1-1024x769.jpg 1024w, https:\/\/eco-palm-sarl.com\/wp-content\/uploads\/2023\/11\/verger-grenadiers-1-768x577.jpg 768w, https:\/\/eco-palm-sarl.com\/wp-content\/uploads\/2023\/11\/verger-grenadiers-1.jpg 1440w\" sizes=\"auto, (max-width: 300px) 100vw, 300px\" \/>\t\t\t\t\t\t\t\t\n\n\t\t\t\t\t\t\t\t\t\t\t\t\t\t\t<\/a>\n\t\t\t\t\t\t\t\t\t\t\t\t<\/div>\n\t\t\t\t\t\t\t\t\t\t\t<div class=\"wd-gallery-item\">\n\t\t\t\t\t\t\t\t\t\t\t\t\t\t<a href=\"https:\/\/eco-palm-sarl.com\/wp-content\/uploads\/2024\/05\/Vinaigre-grenade.png\" data-elementor-open-lightbox=\"no\" data-index=\"5\" data-width=\"1600\" data-height=\"1600\"  >\n\t\t\t\t\t\t\t\t\n\t\t\t\t\t\t\t\t\t\t\t\t\t\t\t\t\t<img loading=\"lazy\" decoding=\"async\" width=\"300\" height=\"300\" src=\"https:\/\/eco-palm-sarl.com\/wp-content\/uploads\/2024\/05\/Vinaigre-grenade-300x300.png\" class=\"wd-gallery-image image-5 attachment-medium\" alt=\"\" title=\"Vinaigre-grenade\" srcset=\"https:\/\/eco-palm-sarl.com\/wp-content\/uploads\/2024\/05\/Vinaigre-grenade-300x300.png 300w, https:\/\/eco-palm-sarl.com\/wp-content\/uploads\/2024\/05\/Vinaigre-grenade-150x150.png 150w, https:\/\/eco-palm-sarl.com\/wp-content\/uploads\/2024\/05\/Vinaigre-grenade-600x600.png 600w, https:\/\/eco-palm-sarl.com\/wp-content\/uploads\/2024\/05\/Vinaigre-grenade-1024x1024.png 1024w, https:\/\/eco-palm-sarl.com\/wp-content\/uploads\/2024\/05\/Vinaigre-grenade-768x768.png 768w, https:\/\/eco-palm-sarl.com\/wp-content\/uploads\/2024\/05\/Vinaigre-grenade-1536x1536.png 1536w, https:\/\/eco-palm-sarl.com\/wp-content\/uploads\/2024\/05\/Vinaigre-grenade.png 1600w\" sizes=\"auto, (max-width: 300px) 100vw, 300px\" \/>\t\t\t\t\t\t\t\t\n\n\t\t\t\t\t\t\t\t\t\t\t\t\t\t\t<\/a>\n\t\t\t\t\t\t\t\t\t\t\t\t<\/div>\n\t\t\t\t\t\t\t\t\t\t\t<div class=\"wd-gallery-item\">\n\t\t\t\t\t\t\t\t\t\t\t\t\t\t<a href=\"https:\/\/eco-palm-sarl.com\/wp-content\/uploads\/2024\/05\/Melasse-Grenade.png\" data-elementor-open-lightbox=\"no\" data-index=\"6\" data-width=\"1600\" data-height=\"1600\"  >\n\t\t\t\t\t\t\t\t\n\t\t\t\t\t\t\t\t\t\t\t\t\t\t\t\t\t<img loading=\"lazy\" decoding=\"async\" width=\"300\" height=\"300\" src=\"https:\/\/eco-palm-sarl.com\/wp-content\/uploads\/2024\/05\/Melasse-Grenade-300x300.png\" class=\"wd-gallery-image image-6 attachment-medium\" alt=\"\" title=\"Melasse-Grenade\" srcset=\"https:\/\/eco-palm-sarl.com\/wp-content\/uploads\/2024\/05\/Melasse-Grenade-300x300.png 300w, https:\/\/eco-palm-sarl.com\/wp-content\/uploads\/2024\/05\/Melasse-Grenade-150x150.png 150w, https:\/\/eco-palm-sarl.com\/wp-content\/uploads\/2024\/05\/Melasse-Grenade-600x600.png 600w, https:\/\/eco-palm-sarl.com\/wp-content\/uploads\/2024\/05\/Melasse-Grenade-1024x1024.png 1024w, https:\/\/eco-palm-sarl.com\/wp-content\/uploads\/2024\/05\/Melasse-Grenade-768x768.png 768w, https:\/\/eco-palm-sarl.com\/wp-content\/uploads\/2024\/05\/Melasse-Grenade-1536x1536.png 1536w, https:\/\/eco-palm-sarl.com\/wp-content\/uploads\/2024\/05\/Melasse-Grenade.png 1600w\" sizes=\"auto, (max-width: 300px) 100vw, 300px\" \/>\t\t\t\t\t\t\t\t\n\n\t\t\t\t\t\t\t\t\t\t\t\t\t\t\t<\/a>\n\t\t\t\t\t\t\t\t\t\t\t\t<\/div>\n\t\t\t\t\t\t\t\t\t\t\t<div class=\"wd-gallery-item\">\n\t\t\t\t\t\t\t\t\t\t\t\t\t\t<a href=\"https:\/\/eco-palm-sarl.com\/wp-content\/uploads\/2024\/04\/Publication-Facebookgrenadefinal1.png\" data-elementor-open-lightbox=\"no\" data-index=\"7\" data-width=\"705\" data-height=\"591\"  >\n\t\t\t\t\t\t\t\t\n\t\t\t\t\t\t\t\t\t\t\t\t\t\t\t\t\t<img loading=\"lazy\" decoding=\"async\" width=\"300\" height=\"251\" src=\"https:\/\/eco-palm-sarl.com\/wp-content\/uploads\/2024\/04\/Publication-Facebookgrenadefinal1-300x251.png\" class=\"wd-gallery-image image-7 attachment-medium\" alt=\"\" title=\"(Publication Facebook)grenadefinal1\" srcset=\"https:\/\/eco-palm-sarl.com\/wp-content\/uploads\/2024\/04\/Publication-Facebookgrenadefinal1-300x251.png 300w, https:\/\/eco-palm-sarl.com\/wp-content\/uploads\/2024\/04\/Publication-Facebookgrenadefinal1-150x126.png 150w, https:\/\/eco-palm-sarl.com\/wp-content\/uploads\/2024\/04\/Publication-Facebookgrenadefinal1-600x503.png 600w, https:\/\/eco-palm-sarl.com\/wp-content\/uploads\/2024\/04\/Publication-Facebookgrenadefinal1.png 705w\" sizes=\"auto, (max-width: 300px) 100vw, 300px\" \/>\t\t\t\t\t\t\t\t\n\n\t\t\t\t\t\t\t\t\t\t\t\t\t\t\t<\/a>\n\t\t\t\t\t\t\t\t\t\t\t\t<\/div>\n\t\t\t\t\t\t\t\t\t\t\t\t<\/div>\n\t\t<\/div>\n\t\t\t\t[\/vc_column][\/vc_row][vc_row][vc_column][\/vc_column][\/vc_row][vc_row][vc_column][vc_column_text woodmart_inline=&#8221;no&#8221; text_larger=&#8221;no&#8221;]\n<h1>Huile de p\u00e9pins de grenade<\/h1>\n<p><a href=\"https:\/\/eco-palm-sarl.com\/wp-content\/uploads\/2024\/04\/Publication-Facebookgrenadefinal1.png\"><img loading=\"lazy\" decoding=\"async\" class=\"alignright size-medium wp-image-7443\" src=\"https:\/\/eco-palm-sarl.com\/wp-content\/uploads\/2024\/04\/Publication-Facebookgrenadefinal1-300x251.png\" alt=\"\" width=\"300\" height=\"251\" srcset=\"https:\/\/eco-palm-sarl.com\/wp-content\/uploads\/2024\/04\/Publication-Facebookgrenadefinal1-300x251.png 300w, https:\/\/eco-palm-sarl.com\/wp-content\/uploads\/2024\/04\/Publication-Facebookgrenadefinal1-150x126.png 150w, https:\/\/eco-palm-sarl.com\/wp-content\/uploads\/2024\/04\/Publication-Facebookgrenadefinal1-600x503.png 600w, https:\/\/eco-palm-sarl.com\/wp-content\/uploads\/2024\/04\/Publication-Facebookgrenadefinal1.png 705w\" sizes=\"auto, (max-width: 300px) 100vw, 300px\" \/><\/a>L&#8217;huile de p\u00e9pins de grenade est une excellente alli\u00e9e de la peau et des cheveux.<\/p>\n<p>Elle r\u00e9g\u00e9n\u00e8re la peau, est revitalisante, anti-\u00e2ge et antioxydante gr\u00e2ce \u00e0 sa richesse en vitamine E, en phytost\u00e9rols et polyph\u00e9nols.<\/p>\n<p>Elle est tr\u00e8s efficace en cas de peaux s\u00e8che, sensible, irrit\u00e9e ou sujette aux rougeurs, et en cas de ger\u00e7ures et de br\u00fblures, gr\u00e2ce \u00e0 ses propri\u00e9t\u00e9s anti-inflammatoires et apaisantes.<\/p>\n<p>Elle est assouplissante, nourrissante et hydratante. Gr\u00e2ce \u00e0 sa richesse en acides gras, elle favorise le renouvellement cellulaire et l&#8217;hydratation, pour une peau souple et prot\u00e9g\u00e9e.<\/p>\n<p>Elle contribue \u00e0 att\u00e9nuer les cernes et les poches sous les yeux. A cet effet, masser quelques gouttes d&#8217;huile sur le contour des yeux matin et soir.<\/p>\n<p>Elle peut aussi s&#8217;appliquer sur les cheveux ab\u00eemer, secs et cassants. et sur le cuir chevelu afin de revitaliser les cheveux et leur donner de la brillance.[\/vc_column_text][\/vc_column][\/vc_row]\n<\/div>","protected":false},"excerpt":{"rendered":"<p>[vc_row][vc_column][vc_column_text woodmart_inline=&#8221;no&#8221; text_larger=&#8221;no&#8221;]La grenade est l&#8217;un des fruits les plus riches en anti-oxydants qui permettent \u00e0 l&#8217;organisme d&#8217;emp\u00eacher les radicaux<\/p>\n","protected":false},"author":1,"featured_media":0,"parent":0,"menu_order":0,"comment_status":"closed","ping_status":"closed","template":"","meta":{"jetpack_post_was_ever_published":false,"footnotes":""},"class_list":["post-7179","page","type-page","status-publish","hentry"],"jetpack_sharing_enabled":true,"_links":{"self":[{"href":"https:\/\/eco-palm-sarl.com\/blog\/index.php?rest_route=\/wp\/v2\/pages\/7179","targetHints":{"allow":["GET"]}}],"collection":[{"href":"https:\/\/eco-palm-sarl.com\/blog\/index.php?rest_route=\/wp\/v2\/pages"}],"about":[{"href":"https:\/\/eco-palm-sarl.com\/blog\/index.php?rest_route=\/wp\/v2\/types\/page"}],"author":[{"embeddable":true,"href":"https:\/\/eco-palm-sarl.com\/blog\/index.php?rest_route=\/wp\/v2\/users\/1"}],"replies":[{"embeddable":true,"href":"https:\/\/eco-palm-sarl.com\/blog\/index.php?rest_route=%2Fwp%2Fv2%2Fcomments&post=7179"}],"version-history":[{"count":11,"href":"https:\/\/eco-palm-sarl.com\/blog\/index.php?rest_route=\/wp\/v2\/pages\/7179\/revisions"}],"predecessor-version":[{"id":7454,"href":"https:\/\/eco-palm-sarl.com\/blog\/index.php?rest_route=\/wp\/v2\/pages\/7179\/revisions\/7454"}],"wp:attachment":[{"href":"https:\/\/eco-palm-sarl.com\/blog\/index.php?rest_route=%2Fwp%2Fv2%2Fmedia&parent=7179"}],"curies":[{"name":"wp","href":"https:\/\/api.w.org\/{rel}","templated":true}]}}