{"id":140,"date":"2023-09-21T07:55:44","date_gmt":"2023-09-21T05:55:44","guid":{"rendered":"https:\/\/eco-palm-sarl.com\/blog\/?page_id=140"},"modified":"2024-03-28T12:50:15","modified_gmt":"2024-03-28T11:50:15","slug":"qui-sommes-nous","status":"publish","type":"page","link":"https:\/\/eco-palm-sarl.com\/blog\/?page_id=140","title":{"rendered":"QUI SOMMES-NOUS?"},"content":{"rendered":"<div class=\"wpb-content-wrapper\">[vc_row][vc_column]\n\t\t\t<div class=\"author-area set-mb-m reset-last-child text-left color-scheme-dark \">\n\n\t\t\t\t\t\t\t\t\t<h3 class=\"title author-title\">\n\t\t\t\t\t\tQUI SOMMES-NOUS?\t\t\t\t\t<\/h3>\n\t\t\t\t\n\t\t\t\t\n\t\t\t\t\n\t\t\t\t\t\t\t\t\t<div class=\"author-area-info\">\n\t\t\t\t\t\t<strong> <img loading=\"lazy\" decoding=\"async\" class=\"size-medium wp-image-77 alignright\" src=\"https:\/\/eco-palm-sarl.com\/wp-content\/uploads\/2023\/09\/EcoPalm-RVC_4482-200x300.jpg\" alt=\"\" width=\"200\" height=\"300\" srcset=\"https:\/\/eco-palm-sarl.com\/wp-content\/uploads\/2023\/09\/EcoPalm-RVC_4482-200x300.jpg 200w, https:\/\/eco-palm-sarl.com\/wp-content\/uploads\/2023\/09\/EcoPalm-RVC_4482-scaled-150x225.jpg 150w, https:\/\/eco-palm-sarl.com\/wp-content\/uploads\/2023\/09\/EcoPalm-RVC_4482-scaled-600x900.jpg 600w, https:\/\/eco-palm-sarl.com\/wp-content\/uploads\/2023\/09\/EcoPalm-RVC_4482-683x1024.jpg 683w, https:\/\/eco-palm-sarl.com\/wp-content\/uploads\/2023\/09\/EcoPalm-RVC_4482-768x1152.jpg 768w, https:\/\/eco-palm-sarl.com\/wp-content\/uploads\/2023\/09\/EcoPalm-RVC_4482-1024x1536.jpg 1024w, https:\/\/eco-palm-sarl.com\/wp-content\/uploads\/2023\/09\/EcoPalm-RVC_4482-1365x2048.jpg 1365w, https:\/\/eco-palm-sarl.com\/wp-content\/uploads\/2023\/09\/EcoPalm-RVC_4482-1320x1980.jpg 1320w, https:\/\/eco-palm-sarl.com\/wp-content\/uploads\/2023\/09\/EcoPalm-RVC_4482-scaled.jpg 1707w\" sizes=\"auto, (max-width: 200px) 100vw, 200px\" \/> Tarek Ghrissi\u00a0<\/strong>est le cr\u00e9ateur de l\u2019entreprise Eco-Palm-Sarl, fond\u00e9e en 2017 et bas\u00e9e \u00e0 Gaillard (74240), France, et sp\u00e9cialis\u00e9e dans l\u2019importation et la distribution de produits de terroir issus de l\u2019agriculture biologique et biodynamique.<\/p>\n<p>Apr\u00e8s des ann\u00e9es de vie \u00e0 l\u2019\u00e9tranger et de nombreux voyages (pour les \u00e9tudes et le travail), j\u2019ai ressenti l\u2019appel de mes origines et le besoin de renouer avec la terre de mes anc\u00eatres, une oasis de palmiers-dattiers situ\u00e9e aux portes du d\u00e9sert dans le sud tunisien, qui b\u00e9n\u00e9ficie d\u2019un microclimat et d\u2019une terre fertile. Mon domaine est un h\u00e9ritage familial \u00e0 l\u2019abandon. L\u2019attachement et la passion qui me lient \u00e0 cette terre m\u2019ont donn\u00e9 l\u2019envie de la mettre en valeur et d\u2019exploiter mes palmiers-dattiers. C\u2019est ainsi qu\u2019est n\u00e9 le projet de cr\u00e9ation d\u2019Eco-Palm-Bio avec la mise en place d\u2019une agriculture biologique qui permet de respecter la faune et la flore et de r\u00e9tablir l\u2019\u00e9cosyst\u00e8me. Mais je n\u2019ai rien invent\u00e9, je n\u2019ai fait que perp\u00e9tuer la vision de mes anc\u00eatres : respecter la nature et lui laisser ses droits pour qu\u2019en retour, elle nous offre la possibilit\u00e9 d\u2019une alimentation saine et d\u2019une vie plus sereine.<\/p>\n<p>En plus de la production de dattes et de leurs d\u00e9riv\u00e9s, nous avons d\u00e9cid\u00e9 d\u2019\u00e9largir notre offre et d\u2019engager une collaboration avec des soci\u00e9t\u00e9s et entreprises qui partagent notre philosophie et notre vision. Nous concentrons l\u2019essentiel de notre activit\u00e9 sur des produits qui pr\u00e9sentent de nombreux bienfaits pour la sant\u00e9 (alimentaires, cosm\u00e9tiques et de bien-\u00eatre) ainsi que sur des produits artisanaux fabriqu\u00e9s \u00e0 partir de mati\u00e8res naturelles.<\/p>\n<p>Dans le cadre du d\u00e9veloppement de notre activit\u00e9,\u00a0<strong>ECO-PALM :<\/strong><\/p>\n<ul>\n<li>collabore avec les meilleures petites entreprises, les artisans et les producteurs qui nous fournissent leurs produits de terroir certifi\u00e9s biologiques et biodynamiques et conformes aux exigences du cahier des charges de l\u2019agriculture biologique europ\u00e9enne et internationales.<\/li>\n<li>instaure un partenariat avec des personnes aux r\u00eaves ambitieux qui ont choisi de s\u2019implanter dans un milieu rural o\u00f9 elles ont\u00a0 exploit\u00e9 des terrains nus et abandonn\u00e9s pour venir en aide aux femmes rurales et faire travailler toute une r\u00e9gion.<\/li>\n<\/ul>\n<p><strong>ECO-PALM <\/strong>remercie chaleureusement :<\/p>\n<ul>\n<li>Monsieur Fran\u00e7ois GRISE de l\u2019association\u00a0<em><strong>EGEE\u00a0<\/strong><\/em>(Entente des G\u00e9n\u00e9rations pour l\u2019Emploi et l\u2019Entreprise).<\/li>\n<li>Ma conseill\u00e8re financi\u00e8re du\u00a0<strong>CIC\u00a0<\/strong>Annemasse.<\/li>\n<\/ul>\n<p>Tous les acteurs qui ont apport\u00e9 leur aide lors de la cr\u00e9ation de cette entreprise et continuent \u00e0 la soutenir, en particulier :<\/p>\n<ul>\n<li><strong>La plate-forme Initiative Genevois\u00a0\u00a0<\/strong><\/li>\n<li><b>La\u00a0<\/b><b>r\u00e9gion<\/b><b>\u00a0Auvergne-<\/b><b>Rh\u00f4ne<\/b><b>-Alpes<\/b><\/li>\n<li><strong>Alpes-<\/strong><b>Contr\u00f4les<\/b><\/li>\n<\/ul>\n<p>&nbsp;\t\t\t\t\t<\/div>\n\t\t\t\t\n\t\t\t\t\n\t\t\t<\/div>\n\n\t\t[\/vc_column][\/vc_row][vc_row][vc_column width=&#8221;2\/3&#8243;]<div class=\"wpforms-container wpforms-container-full wpforms-render-modern\" id=\"wpforms-272\"><form id=\"wpforms-form-272\" class=\"wpforms-validate wpforms-form wpforms-ajax-form\" data-formid=\"272\" method=\"post\" enctype=\"multipart\/form-data\" action=\"\/blog\/index.php?rest_route=%2Fwp%2Fv2%2Fpages%2F140\" data-token=\"b1b1f2528098373966bae9af5ac48377\" data-token-time=\"1777813398\"><div class=\"wpforms-head-container\"><div class=\"wpforms-title\">Nous contacter<\/div><div class=\"wpforms-description\">Vous souhaitez demander un devis ou un rendez-vous, poser une ou plusieurs questions, faire part d\u2019une remarque ou d\u2019un projet, travailler avec nous ? \u00c9crivez-nous !\r\n\r\n\r\n\r\nLes champs marqu\u00e9s d\u2019un ast\u00e9risque * sont obligatoires.\r\n<\/div><\/div><noscript class=\"wpforms-error-noscript\">Veuillez activer JavaScript dans votre navigateur pour remplir ce formulaire.<\/noscript><div class=\"wpforms-hidden\" id=\"wpforms-error-noscript\">Veuillez activer JavaScript dans votre navigateur pour remplir ce formulaire.<\/div><div class=\"wpforms-field-container\"><div id=\"wpforms-272-field_6-container\" class=\"wpforms-field wpforms-field-name\" data-field-id=\"6\"><fieldset><legend class=\"wpforms-field-label\">Nom<\/legend><div class=\"wpforms-field-row wpforms-field-medium\"><div class=\"wpforms-field-row-block wpforms-first wpforms-one-half\"><input type=\"text\" id=\"wpforms-272-field_6\" class=\"wpforms-field-name-first\" name=\"wpforms[fields][6][first]\" aria-errormessage=\"wpforms-272-field_6-error\" ><label for=\"wpforms-272-field_6\" class=\"wpforms-field-sublabel after\">Pr\u00e9nom<\/label><\/div><div class=\"wpforms-field-row-block wpforms-one-half\"><input type=\"text\" id=\"wpforms-272-field_6-last\" class=\"wpforms-field-name-last\" name=\"wpforms[fields][6][last]\" aria-errormessage=\"wpforms-272-field_6-last-error\" ><label for=\"wpforms-272-field_6-last\" class=\"wpforms-field-sublabel after\">Nom<\/label><\/div><\/div><\/fieldset><\/div><div id=\"wpforms-272-field_7-container\" class=\"wpforms-field wpforms-field-email\" data-field-id=\"7\"><label class=\"wpforms-field-label\" for=\"wpforms-272-field_7\">E-mail <span class=\"wpforms-required-label\" aria-hidden=\"true\">*<\/span><\/label><input type=\"email\" id=\"wpforms-272-field_7\" class=\"wpforms-field-medium wpforms-field-required\" name=\"wpforms[fields][7]\" spellcheck=\"false\" aria-errormessage=\"wpforms-272-field_7-error\" required><\/div><div id=\"wpforms-272-field_8-container\" class=\"wpforms-field wpforms-field-textarea\" data-field-id=\"8\"><label class=\"wpforms-field-label\" for=\"wpforms-272-field_8\">Votre message<\/label><textarea id=\"wpforms-272-field_8\" class=\"wpforms-field-medium\" name=\"wpforms[fields][8]\" aria-errormessage=\"wpforms-272-field_8-error\" aria-describedby=\"wpforms-272-field_8-description\" ><\/textarea><div id=\"wpforms-272-field_8-description\" class=\"wpforms-field-description\">Votre message<\/div><\/div><\/div><!-- .wpforms-field-container --><div class=\"wpforms-submit-container\" ><input type=\"hidden\" name=\"wpforms[id]\" value=\"272\"><input type=\"hidden\" name=\"page_title\" value=\"\"><input type=\"hidden\" name=\"page_url\" value=\"https:\/\/eco-palm-sarl.com\/blog\/index.php?rest_route=%2Fwp%2Fv2%2Fpages%2F140\"><button type=\"submit\" name=\"wpforms[submit]\" id=\"wpforms-submit-272\" class=\"wpforms-submit\" data-alt-text=\"Envoi...\" data-submit-text=\"Envoyer\" aria-live=\"assertive\" value=\"wpforms-submit\">Envoyer<\/button><img loading=\"lazy\" decoding=\"async\" src=\"https:\/\/eco-palm-sarl.com\/wp-content\/plugins\/wpforms-lite\/assets\/images\/submit-spin.svg\" class=\"wpforms-submit-spinner\" style=\"display: none;\" width=\"26\" height=\"26\" alt=\"Chargement en cours\"><\/div><\/form><\/div>  <!-- .wpforms-container -->[\/vc_column][vc_column width=&#8221;1\/3&#8243;][\/vc_column][\/vc_row]\n<\/div>","protected":false},"excerpt":{"rendered":"<p>[vc_row][vc_column][\/vc_column][\/vc_row][vc_row][vc_column width=&#8221;2\/3&#8243;][\/vc_column][vc_column width=&#8221;1\/3&#8243;][\/vc_column][\/vc_row]<\/p>\n","protected":false},"author":1,"featured_media":0,"parent":0,"menu_order":0,"comment_status":"closed","ping_status":"closed","template":"","meta":{"jetpack_post_was_ever_published":false,"footnotes":""},"class_list":["post-140","page","type-page","status-publish","hentry"],"jetpack_sharing_enabled":true,"_links":{"self":[{"href":"https:\/\/eco-palm-sarl.com\/blog\/index.php?rest_route=\/wp\/v2\/pages\/140","targetHints":{"allow":["GET"]}}],"collection":[{"href":"https:\/\/eco-palm-sarl.com\/blog\/index.php?rest_route=\/wp\/v2\/pages"}],"about":[{"href":"https:\/\/eco-palm-sarl.com\/blog\/index.php?rest_route=\/wp\/v2\/types\/page"}],"author":[{"embeddable":true,"href":"https:\/\/eco-palm-sarl.com\/blog\/index.php?rest_route=\/wp\/v2\/users\/1"}],"replies":[{"embeddable":true,"href":"https:\/\/eco-palm-sarl.com\/blog\/index.php?rest_route=%2Fwp%2Fv2%2Fcomments&post=140"}],"version-history":[{"count":14,"href":"https:\/\/eco-palm-sarl.com\/blog\/index.php?rest_route=\/wp\/v2\/pages\/140\/revisions"}],"predecessor-version":[{"id":7407,"href":"https:\/\/eco-palm-sarl.com\/blog\/index.php?rest_route=\/wp\/v2\/pages\/140\/revisions\/7407"}],"wp:attachment":[{"href":"https:\/\/eco-palm-sarl.com\/blog\/index.php?rest_route=%2Fwp%2Fv2%2Fmedia&parent=140"}],"curies":[{"name":"wp","href":"https:\/\/api.w.org\/{rel}","templated":true}]}}

<div class="wpb-content-wrapper">[vc_row][vc_column]
			<div class="author-area set-mb-m reset-last-child text-left color-scheme-dark ">

									<h3 class="title author-title">
						QUI SOMMES-NOUS?					</h3>
				
				
				
									<div class="author-area-info">
						<strong> <img loading="lazy" decoding="async" class="size-medium wp-image-77 alignright" src="https://eco-palm-sarl.com/wp-content/uploads/2023/09/EcoPalm-RVC_4482-200x300.jpg" alt="" width="200" height="300" srcset="https://eco-palm-sarl.com/wp-content/uploads/2023/09/EcoPalm-RVC_4482-200x300.jpg 200w, https://eco-palm-sarl.com/wp-content/uploads/2023/09/EcoPalm-RVC_4482-scaled-150x225.jpg 150w, https://eco-palm-sarl.com/wp-content/uploads/2023/09/EcoPalm-RVC_4482-scaled-600x900.jpg 600w, https://eco-palm-sarl.com/wp-content/uploads/2023/09/EcoPalm-RVC_4482-683x1024.jpg 683w, https://eco-palm-sarl.com/wp-content/uploads/2023/09/EcoPalm-RVC_4482-768x1152.jpg 768w, https://eco-palm-sarl.com/wp-content/uploads/2023/09/EcoPalm-RVC_4482-1024x1536.jpg 1024w, https://eco-palm-sarl.com/wp-content/uploads/2023/09/EcoPalm-RVC_4482-1365x2048.jpg 1365w, https://eco-palm-sarl.com/wp-content/uploads/2023/09/EcoPalm-RVC_4482-1320x1980.jpg 1320w, https://eco-palm-sarl.com/wp-content/uploads/2023/09/EcoPalm-RVC_4482-scaled.jpg 1707w" sizes="auto, (max-width: 200px) 100vw, 200px" /> Tarek Ghrissi </strong>est le créateur de l’entreprise Eco-Palm-Sarl, fondée en 2017 et basée à Gaillard (74240), France, et spécialisée dans l’importation et la distribution de produits de terroir issus de l’agriculture biologique et biodynamique.</p>
<p>Après des années de vie à l’étranger et de nombreux voyages (pour les études et le travail), j’ai ressenti l’appel de mes origines et le besoin de renouer avec la terre de mes ancêtres, une oasis de palmiers-dattiers située aux portes du désert dans le sud tunisien, qui bénéficie d’un microclimat et d’une terre fertile. Mon domaine est un héritage familial à l’abandon. L’attachement et la passion qui me lient à cette terre m’ont donné l’envie de la mettre en valeur et d’exploiter mes palmiers-dattiers. C’est ainsi qu’est né le projet de création d’Eco-Palm-Bio avec la mise en place d’une agriculture biologique qui permet de respecter la faune et la flore et de rétablir l’écosystème. Mais je n’ai rien inventé, je n’ai fait que perpétuer la vision de mes ancêtres : respecter la nature et lui laisser ses droits pour qu’en retour, elle nous offre la possibilité d’une alimentation saine et d’une vie plus sereine.</p>
<p>En plus de la production de dattes et de leurs dérivés, nous avons décidé d’élargir notre offre et d’engager une collaboration avec des sociétés et entreprises qui partagent notre philosophie et notre vision. Nous concentrons l’essentiel de notre activité sur des produits qui présentent de nombreux bienfaits pour la santé (alimentaires, cosmétiques et de bien-être) ainsi que sur des produits artisanaux fabriqués à partir de matières naturelles.</p>
<p>Dans le cadre du développement de notre activité, <strong>ECO-PALM :</strong></p>
<ul>
<li>collabore avec les meilleures petites entreprises, les artisans et les producteurs qui nous fournissent leurs produits de terroir certifiés biologiques et biodynamiques et conformes aux exigences du cahier des charges de l’agriculture biologique européenne et internationales.</li>
<li>instaure un partenariat avec des personnes aux rêves ambitieux qui ont choisi de s’implanter dans un milieu rural où elles ont  exploité des terrains nus et abandonnés pour venir en aide aux femmes rurales et faire travailler toute une région.</li>
</ul>
<p><strong>ECO-PALM </strong>remercie chaleureusement :</p>
<ul>
<li>Monsieur François GRISE de l’association <em><strong>EGEE </strong></em>(Entente des Générations pour l’Emploi et l’Entreprise).</li>
<li>Ma conseillère financière du <strong>CIC </strong>Annemasse.</li>
</ul>
<p>Tous les acteurs qui ont apporté leur aide lors de la création de cette entreprise et continuent à la soutenir, en particulier :</p>
<ul>
<li><strong>La plate-forme Initiative Genevois  </strong></li>
<li><b>La </b><b>région</b><b> Auvergne-</b><b>Rhône</b><b>-Alpes</b></li>
<li><strong>Alpes-</strong><b>Contrôles</b></li>
</ul>
<p>&nbsp;					</div>
				
				
			</div>

		[/vc_column][/vc_row][vc_row][vc_column width=&#8221;2/3&#8243;]<div class="wpforms-container wpforms-container-full wpforms-render-modern" id="wpforms-272"><form id="wpforms-form-272" class="wpforms-validate wpforms-form wpforms-ajax-form" data-formid="272" method="post" enctype="multipart/form-data" action="/blog/index.php?rest_route=%2Fwp%2Fv2%2Fpages%2F140" data-token="b1b1f2528098373966bae9af5ac48377" data-token-time="1777813398"><div class="wpforms-head-container"><div class="wpforms-title">Nous contacter</div><div class="wpforms-description">Vous souhaitez demander un devis ou un rendez-vous, poser une ou plusieurs questions, faire part d’une remarque ou d’un projet, travailler avec nous ? Écrivez-nous !



Les champs marqués d’un astérisque * sont obligatoires.
</div></div><noscript class="wpforms-error-noscript">Veuillez activer JavaScript dans votre navigateur pour remplir ce formulaire.</noscript><div class="wpforms-hidden" id="wpforms-error-noscript">Veuillez activer JavaScript dans votre navigateur pour remplir ce formulaire.</div><div class="wpforms-field-container"><div id="wpforms-272-field_6-container" class="wpforms-field wpforms-field-name" data-field-id="6"><fieldset><legend class="wpforms-field-label">Nom</legend><div class="wpforms-field-row wpforms-field-medium"><div class="wpforms-field-row-block wpforms-first wpforms-one-half"><input type="text" id="wpforms-272-field_6" class="wpforms-field-name-first" name="wpforms[fields][6][first]" aria-errormessage="wpforms-272-field_6-error" ><label for="wpforms-272-field_6" class="wpforms-field-sublabel after">Prénom</label></div><div class="wpforms-field-row-block wpforms-one-half"><input type="text" id="wpforms-272-field_6-last" class="wpforms-field-name-last" name="wpforms[fields][6][last]" aria-errormessage="wpforms-272-field_6-last-error" ><label for="wpforms-272-field_6-last" class="wpforms-field-sublabel after">Nom</label></div></div></fieldset></div><div id="wpforms-272-field_7-container" class="wpforms-field wpforms-field-email" data-field-id="7"><label class="wpforms-field-label" for="wpforms-272-field_7">E-mail <span class="wpforms-required-label" aria-hidden="true">*</span></label><input type="email" id="wpforms-272-field_7" class="wpforms-field-medium wpforms-field-required" name="wpforms[fields][7]" spellcheck="false" aria-errormessage="wpforms-272-field_7-error" required></div><div id="wpforms-272-field_8-container" class="wpforms-field wpforms-field-textarea" data-field-id="8"><label class="wpforms-field-label" for="wpforms-272-field_8">Votre message</label><textarea id="wpforms-272-field_8" class="wpforms-field-medium" name="wpforms[fields][8]" aria-errormessage="wpforms-272-field_8-error" aria-describedby="wpforms-272-field_8-description" ></textarea><div id="wpforms-272-field_8-description" class="wpforms-field-description">Votre message</div></div></div><!-- .wpforms-field-container --><div class="wpforms-submit-container" ><input type="hidden" name="wpforms[id]" value="272"><input type="hidden" name="page_title" value=""><input type="hidden" name="page_url" value="https://eco-palm-sarl.com/blog/index.php?rest_route=%2Fwp%2Fv2%2Fpages%2F140"><button type="submit" name="wpforms[submit]" id="wpforms-submit-272" class="wpforms-submit" data-alt-text="Envoi..." data-submit-text="Envoyer" aria-live="assertive" value="wpforms-submit">Envoyer</button><img loading="lazy" decoding="async" src="https://eco-palm-sarl.com/wp-content/plugins/wpforms-lite/assets/images/submit-spin.svg" class="wpforms-submit-spinner" style="display: none;" width="26" height="26" alt="Chargement en cours"></div></form></div>  <!-- .wpforms-container -->[/vc_column][vc_column width=&#8221;1/3&#8243;][/vc_column][/vc_row]
</div>
